 2?
-487
In base 8, what is 24 + -12?
12
In base 14, what is -5 - 43?
-48
In base 5, what is 30403 - -10?
30413
In base 11, what is -5 - 128?
-132
In base 7, what is 501 + -3?
465
In base 15, what is 15 - -23?
38
In base 13, what is -10b + 5?
-106
In base 7, what is -110 + 215?
105
In base 3, what is -11201 + 10?
-11121
In base 10, what is 0 + -36?
-36
In base 12, what is -2 - -a3?
a1
In base 7, what is 314 + 2?
316
In base 15, what is 226 + -1?
225
In base 16, what is -1 - 70?
-71
In base 5, what is 10 - 1324?
-1314
In base 6, what is 34351 - 5?
34342
In base 2, what is -11 - -1000001011?
1000001000
In base 12, what is 5 - -362?
367
In base 7, what is -3 - 3023?
-3026
In base 6, what is -24 - 10?
-34
In base 15, what is 18 + 26?
3e
In base 6, what is -51 + -45?
-140
In base 12, what is 3 - -38b?
392
In base 5, what is -14434 - 10?
-14444
In base 2, what is 10010 + -100011100?
-100001010
In base 10, what is -1677 + 10?
-1667
In base 6, what is -2214 + -4?
-2222
In base 2, what is 100001101011 - -1010?
100001110101
In base 16, what is 0 - -5?
5
In base 8, what is 163 + 36?
221
In base 11, what is -2 + -1687?
-1689
In base 2, what is -1 + 100100101110?
100100101101
In base 7, what is 3 - 4415?
-4412
In base 13, what is 3 - 2b?
-28
In base 12, what is -279 + 1?
-278
In base 3, what is -100 - -1?
-22
In base 10, what is -1012 + 3?
-1009
In base 6, what is -5 - 110?
-115
In base 2, what is -100 - -10011000001?
10010111101
In base 15, what is 43 + 5?
48
In base 12, what is 3 + b2?
b5
In base 16, what is -5 + -4a?
-4f
In base 5, what is 10440 + 0?
10440
In base 16, what is -5 - -d?
8
In base 15, what is 0 - 4?
-4
In base 8, what is 2 + -1440?
-1436
In base 4, what is -10021 - -3?
-10012
In base 16, what is -28 - 4?
-2c
In base 12, what is 2 + -1920?
-191a
In base 15, what is -95 - -5?
-90
In base 4, what is -1201 + 10?
-1131
In base 12, what is -13 + -1a?
-31
In base 9, what is -23 + -1?
-24
In base 15, what is 0 + -65?
-65
In base 11, what is 2 + -418?
-416
In base 10, what is 752 - -3?
755
In base 13, what is 13 + -14?
-1
In base 11, what is 96 + 3?
99
In base 10, what is 3 - 14?
-11
In base 16, what is 7 + -1a?
-13
In base 6, what is 10 - 402?
-352
In base 3, what is -100 + -1?
-101
In base 3, what is -2 - 100222?
-101001
In base 7, what is 14 + -40?
-23
In base 5, what is 13144 + -102?
13042
In base 4, what is -1 + 3012?
3011
In base 5, what is -102020 - 0?
-102020
In base 16, what is 0 - -1ba?
1ba
In base 14, what is -202 + -4?
-206
In base 15, what is -7 + 17?
10
In base 8, what is -546 - 3?
-551
In base 5, what is 24 + 3134?
3213
In base 16, what is -4 - 11?
-15
In base 12, what is 5ba - -1?
5bb
In base 5, what is 321 + 101?
422
In base 5, what is -141 + 2?
-134
In base 8, what is -4 - -234?
230
In base 12, what is -65 - -2?
-63
In base 7, what is 252 + 32?
314
In base 9, what is -1364 + 1?
-1363
In base 10, what is -5 + -30?
-35
In base 11, what is 63aa - -2?
6401
In base 7, what is -132 + 10?
-122
In base 5, what is -10 - 244?
-304
In base 13, what is 8 + -4b?
-43
In base 14, what is 466 + 4?
46a
In base 4, what is -3331 + 11?
-3320
In base 6, what is -23342 + -1?
-23343
In base 13, what is -3 - -27?
24
In base 7, what is 11 - -3442?
3453
In base 8, what is -117 + -3?
-122
In base 14, what is -5 - -45?
40
In base 16, what is 0 + 9?
9
In base 2, what is -10 + 111010110?
111010100
In base 8, what is -11 - -2242?
2231
In base 15, what is 530 + -3?
52c
In base 16, what is -13 - 0?
-13
In base 13, what is -b + 140?
132
In base 4, what is 1000 - 21?
313
In base 3, what is 12200 - 21?
12102
In base 14, what is -42 + 10a?
a8
In base 7, what is 44 + -135?
-61
In base 15, what is 1a + -bc?
-a2
In base 16, what is -1a - 1f?
-39
In base 11, what is 288 + 5?
292
In base 8, what is 1176 + -12?
1164
In base 8, what is 5 - 1570?
-1563
In base 14, what is -111 + -4?
-115
In base 4, what is 1322 + 202?
2130
In base 11, what is a5 + 36?
130
In base 7, what is -2340 + 1?
-2336
In base 8, what is -35 - 114?
-151
In base 7, what is 5 - 33?
-25
In base 10, what is 3 + -84?
-81
In base 2, what is -100 + 1000?
100
In base 5, what is -31 - 11?
-42
In base 6, what is -3 + 132?
125
In base 7, what is 4103 - 4?
4066
In base 5, what is -142 + 130?
-12
In base 6, what is 22100 + -3?
22053
In base 3, what is -12 + 200?
111
In base 16, what is 3 + 3b8?
3bb
In base 16, what is -1 + 5af?
5ae
In base 3, what is -2 + 1222221?
1222212
In base 5, what is 10222 + 4?
10231
In base 2, what is -1000111 + 10?
-1000101
In base 9, what is -1834 + 4?
-1830
In base 10, what is -117 - 65?
-182
In base 16, what is -ef + 1?
-ee
In base 2, what is -1010 - -1000010100?
1000001010
In base 16, what is -19 + 4?
-15
In base 10, what is 6 - 16?
-10
In base 6, what is -251 + 2?
-245
In base 13, what is -5a + 5?
-55
In base 13, what is 85 - -2?
87
In base 10, what is 192 + 5?
197
In base 14, what is -105a - -4?
-1056
In base 5, what is 10 + -33?
-23
In base 12, what is 5 - -18?
21
In base 8, what is 31 - 7?
22
In base 11, what is 1250 - -1?
1251
In base 9, what is 240 + 11?
251
In base 5, what is 0 - 43?
-43
In base 7, what is -1 - -32?
31
In base 6, what is 3 - 40013?
-40010
In base 12, what is a8 + -1?
a7
In base 9, what is 11324 - -2?
11326
In base 5, what is -133144 - 3?
-133202
In base 10, what is -1 + -364?
-365
In base 5, what is 21234 - -14?
21303
In base 5, what is 3100 - -3?
3103
In base 14, what is 775 + 0?
775
In base 10, what is -5 - 261?
-266
In base 10, what is 3 - 19?
-16
In base 9, what is -354 - -6?
-347
In base 2, what is 10100 + -11100011?
-11001111
In base 2, what is -1100 + 101000?
11100
In base 13, what is 4c65 + -3?
4c62
In base 4, what is 120202 - 11?
120131
In base 5, what is 1 - 300?
-244
In base 14, what is -2 - -699?
697
In base 2, what is -101 + -101001110011?
-101001111000
In base 5, what is 3 + -3323?
-3320
In base 16, what is 144 + 3?
147
In base 15, what is 0 + -15?
-15
In base 4, what is -3 - -102132?
102123
In base 13, what is -1613 + 5?
-160b
In base 13, what is 26 + 4?
2a
In base 10, what is -21 + 92?
71
In base 13, what is ba0 - -2?
ba2
In base 9, what is 33 + 22?
55
In base 8, what is 0 - -21210?
21210
In base 16, what is -59 + 4?
-55
In base 10, what is -4 - 9143?
-9147
In base 16, what is 6 - -2e?
34
In base 2, what is -1 - -110011?
110010
In base 4, what is 133 - -11?
210
In base 7, what is 5 - -2533?
2541
In base 10, what is -4 + -1827?
-1831
In base 3, what is -21 + 22?
1
In base 6, what is 11 + -15000?
-14545
In base 2, what is 1010110010 + -100?
1010101110
In base 8, what is 12 + -3131?
-3117
In base 7, what is -10 + 341?
331
In base 2, what is -10 - -10110111011?
10110111001
In base 15, what is a - 1aa?
-1a0
In base 10, what is 3 - -54?
57
In base 4, what is 11 - -12002?
12013
In base 16, what is 0 - 3e?
-3e
In base 9, what is 4 - 3584?
-3580
In base 2, what is 11 - 10110?
-10011
In base 14, what is 2 + a?
c
In base 13, what is -5 + 101?
c9
In base 14, what is -34 + 77?
43
In base 6, what is -4 - -52?
44
In base 14, what is -c + -3?
-11
In base 4, what is -1312 - 10?
-1322
In base 5, what is -421412 - -4?
-421403
In base 7, what is -124 + 14?
-110
In base 15, what is -260 - 6?
-266
In base 15, what is -20 + -d?
-2d
In base 12, what is 3b + 5?
44
In base 10, what is 5 + 330?
335
In base 16, what is 14f - 9?
146
In base 13, what is -2 - 77c?
-781
In base 7, what is 0 - -101?
101
In base 12, what is 5 - -97?
a0
In base 15, what is d + -3?
a
In base 3, what is -11 - -2221?
2210
In base 12, what is -67 - -5?
-62
In base 11, what is -41 + -3?
-44
In base 9, what is 3 + -141?
-137
In base 4, what is 2232 - 21?
2211
In base 5, what is -3 + -124?
-132
In base 10, what is 91 - 27?
64
In base 14, what is 4 + -87?
-83
In base 7, what is -6121 + -1?
-6122
In base 3, what is 10 + -20002?
-12222
In base 8, what is -2 + -40?
-42
In base 10, what is 307 + -124?
183
In base 16, what is 1 + 337?
338
In base 15, what is 2a + -a6?
-7b
In base 4, what is 1 - 11102?
-11101
In base 12, what is -3 + 5?
2
In base 5, what is 2 + -1034?
-1032
In base 14, what is 17 + 388?
3a1
In base 2, what is 1000011 - 1110110?
-110011
In base 16, what is 6 + 14?
1a
In base 11, what is 6 + -196?
-190
In base 15, what is 10a1 + -1?
10a0
In base 7, what is -2 + -63?
-65
In base 6, what is -13